{"id":126,"date":"2024-03-04T01:32:37","date_gmt":"2024-03-04T00:32:37","guid":{"rendered":"https:\/\/www.bienejoe.at\/ShopBieneJoe\/?post_type=product&#038;p=126"},"modified":"2026-01-16T14:19:11","modified_gmt":"2026-01-16T13:19:11","slug":"bio-bluetenhonig-mit-5-bluetenpollen-250-gramm","status":"publish","type":"product","link":"https:\/\/www.bienejoe.at\/ShopBieneJoe\/?product=bio-bluetenhonig-mit-5-bluetenpollen-250-gramm","title":{"rendered":"Bio-Bl\u00fctenhonig mit 5% Bl\u00fctenpollen 250 Gramm"},"content":{"rendered":"<p>Bio-Bl\u00fctenhonig<br \/>\nmit 5 % Bl\u00fctenpollen<br \/>\n250 Gramm<br \/>\nBl\u00fctenpollen ist der Kraftstoff f\u00fcr Sportler. Und wird von vielen Sportlern t\u00e4glich genommen.<br \/>\nHabe diese Infos im Internet gefunden <a href=\"https:\/\/www.bienejoe.at\/Infos\/DieHeilwirkungvonBluetenpollen.pdf\">&#8222;Die Heilwirkung von Bl\u00fctenpollen&#8220;<\/a><br \/>\naus dem Inhalt: &#8222;Bl\u00fctenpollen sind die reichste Quelle an Vitaminen, Mineralien, Proteinen und Aminos\u00e4uren, Enzymen und Co-enzymen&#8230;&#8230;.&#8220;<br \/>\nMeine Bl\u00fctenpollen werden bei niedriger Temperatur ganz schonend getrocknet, damit alle Vitamine erhalten bleiben.<\/p>\n","protected":false},"excerpt":{"rendered":"<p>Bio-Bl\u00fctenhonig mit 5 % Bl\u00fctenpollen 250 Gramm Bl\u00fctenpollen ist der Kraftstoff f\u00fcr Sportler. Und wird von vielen Sportlern t\u00e4glich genommen. Habe diese Infos im Internet gefunden &#8222;Die Heilwirkung von Bl\u00fctenpollen&#8220; aus dem Inhalt: &#8222;Bl\u00fctenpollen sind die reichste Quelle an Vitaminen, Mineralien, Proteinen und Aminos\u00e4uren, Enzymen und Co-enzymen&#8230;&#8230;.&#8220; Meine Bl\u00fctenpollen werden bei niedriger Temperatur ganz schonend [&hellip;]<\/p>\n","protected":false},"featured_media":127,"comment_status":"open","ping_status":"closed","template":"","meta":[],"product_brand":[],"product_cat":[33,34,44],"product_tag":[],"class_list":{"0":"post-126","1":"product","2":"type-product","3":"status-publish","4":"has-post-thumbnail","6":"product_cat-bio-honige","7":"product_cat-bio-bluetenpollen","8":"product_cat-bio-honige-mit-zusaetzen","10":"first","11":"instock","12":"purchasable","13":"product-type-simple"},"_links":{"self":[{"href":"https:\/\/www.bienejoe.at\/ShopBieneJoe\/index.php?rest_route=\/wp\/v2\/product\/126","targetHints":{"allow":["GET"]}}],"collection":[{"href":"https:\/\/www.bienejoe.at\/ShopBieneJoe\/index.php?rest_route=\/wp\/v2\/product"}],"about":[{"href":"https:\/\/www.bienejoe.at\/ShopBieneJoe\/index.php?rest_route=\/wp\/v2\/types\/product"}],"replies":[{"embeddable":true,"href":"https:\/\/www.bienejoe.at\/ShopBieneJoe\/index.php?rest_route=%2Fwp%2Fv2%2Fcomments&post=126"}],"wp:featuredmedia":[{"embeddable":true,"href":"https:\/\/www.bienejoe.at\/ShopBieneJoe\/index.php?rest_route=\/wp\/v2\/media\/127"}],"wp:attachment":[{"href":"https:\/\/www.bienejoe.at\/ShopBieneJoe\/index.php?rest_route=%2Fwp%2Fv2%2Fmedia&parent=126"}],"wp:term":[{"taxonomy":"product_brand","embeddable":true,"href":"https:\/\/www.bienejoe.at\/ShopBieneJoe\/index.php?rest_route=%2Fwp%2Fv2%2Fproduct_brand&post=126"},{"taxonomy":"product_cat","embeddable":true,"href":"https:\/\/www.bienejoe.at\/ShopBieneJoe\/index.php?rest_route=%2Fwp%2Fv2%2Fproduct_cat&post=126"},{"taxonomy":"product_tag","embeddable":true,"href":"https:\/\/www.bienejoe.at\/ShopBieneJoe\/index.php?rest_route=%2Fwp%2Fv2%2Fproduct_tag&post=126"}],"curies":[{"name":"wp","href":"https:\/\/api.w.org\/{rel}","templated":true}]}}